he highest common divisor of 10461 and 33?
33
What is the highest common divisor of 51576 and 98?
14
Calculate the highest common divisor of 1972 and 907936.
68
What is the greatest common divisor of 5270 and 21250?
170
What is the greatest common divisor of 4422 and 35772?
66
Calculate the greatest common factor of 42 and 1324491.
21
Calculate the greatest common factor of 10547 and 689.
53
Calculate the greatest common divisor of 42240 and 165.
165
Calculate the greatest common divisor of 407 and 6182.
11
What is the highest common divisor of 445 and 662783?
89
Calculate the highest common factor of 85840 and 22272.
464
What is the highest common factor of 1790 and 28610?
10
What is the greatest common factor of 275 and 71025?
25
Calculate the greatest common divisor of 1939 and 119.
7
What is the greatest common divisor of 6148 and 13456?
116
What is the highest common factor of 3459 and 21?
3
What is the greatest common divisor of 186771 and 39?
39
Calculate the greatest common divisor of 169 and 162877.
13
What is the greatest common divisor of 1614 and 2299950?
1614
Calculate the highest common factor of 7 and 5637044.
7
What is the highest common divisor of 7792 and 18019?
487
What is the greatest common divisor of 779 and 1273?
19
Calculate the greatest common divisor of 51640 and 20.
20
Calculate the highest common factor of 567 and 7560.
189
What is the highest common divisor of 3640 and 5330?
130
What is the highest common factor of 1580 and 1390?
10
Calculate the greatest common divisor of 41 and 185402.
41
Calculate the highest common divisor of 5148 and 11466.
234
What is the highest common factor of 1002 and 526?
2
Calculate the greatest common factor of 183659 and 448.
7
Calculate the greatest common divisor of 60743 and 5421.
139
Calculate the greatest common factor of 217 and 16337.
31
What is the highest common factor of 95604 and 10044?
372
What is the highest common divisor of 6806 and 3526?
82
Calculate the highest common factor of 44 and 160743.
11
Calculate the greatest common factor of 326 and 246456.
326
Calculate the greatest common factor of 12000 and 3400.
200
Calculate the greatest common divisor of 987120 and 1200.
240
Calculate the highest common factor of 2489812 and 52.
52
What is the highest common divisor of 1849 and 4429?
43
What is the greatest common factor of 893971 and 104?
13
Calculate the greatest common factor of 805176 and 954.
954
What is the highest common factor of 249174 and 828?
18
Calculate the highest common divisor of 2046 and 76632.
186
Calculate the highest common factor of 21951816 and 1002.
1002
Calculate the highest common factor of 14406 and 882.
294
What is the greatest common factor of 257631 and 407?
407
Calculate the highest common factor of 577437 and 186.
93
What is the greatest common factor of 75 and 92445?
15
Calculate the greatest common divisor of 38779 and 30301.
157
Calculate the highest common divisor of 247 and 23231.
13
What is the greatest common divisor of 2003316 and 2352?
588
What is the greatest common divisor of 192 and 167712?
96
What is the highest common factor of 2052496 and 48?
16
What is the highest common divisor of 432 and 899280?
144
What is the highest common factor of 84 and 72900?
12
What is the highest common factor of 84357 and 3276?
819
What is the greatest common divisor of 250 and 24950?
50
Calculate the greatest common factor of 341 and 2573.
31
Calculate the greatest common factor of 133 and 1554637.
133
Calculate the highest common factor of 20 and 75515.
5
What is the greatest common divisor of 27225 and 990?
495
Calculate the highest common divisor of 217910 and 1680.
70
Calculate the highest common divisor of 39767 and 1365.
91
Calculate the greatest common factor of 1656 and 23976.
72
What is the greatest common factor of 69620 and 10?
10
Calculate the highest common divisor of 44 and 1276000.
44
What is the greatest common divisor of 348 and 163444?
116
Calculate the highest common factor of 617 and 3991373.
617
Calculate the greatest common factor of 15 and 2599530.
15
Calculate the highest common factor of 468 and 274464.
36
What is the highest common factor of 11795 and 5810?
35
Calculate the greatest common divisor of 260 and 236392.
52
Calculate the greatest common factor of 225 and 13410.
45
What is the highest common divisor of 494633 and 454?
227
Calculate the highest common divisor of 131940 and 180.
180
What is the greatest common divisor of 264 and 1199?
11
Calculate the highest common factor of 9342 and 54149.
173
Calculate the greatest common factor of 104577 and 33.
33
Calculate the highest common divisor of 938 and 14056.
14
What is the greatest common factor of 20 and 20480?
20
Calculate the highest common divisor of 53064 and 1943.
67
What is the highest common factor of 282 and 466428?
282
Calculate the greatest common factor of 69738 and 118.
118
What is the highest common factor of 1414 and 14746?
202
Calculate the highest common divisor of 6279 and 1127.
161
Calculate the greatest common divisor of 114 and 203775.
57
What is the highest common factor of 16 and 177136?
16
Calculate the highest common divisor of 221241 and 348.
87
Calculate the highest common factor of 480 and 205280.
160
What is the greatest common factor of 8 and 10172?
4
What is the highest common divisor of 3629 and 393842?
191
What is the greatest common divisor of 850 and 2025?
25
What is the highest common factor of 271134 and 1512?
54
Calculate the highest common divisor of 948 and 236604.
12
What is the greatest common factor of 1262200 and 800?
200
Calculate the greatest common factor of 1068547 and 641.
641
Calculate the highest common divisor of 108520 and 1130.
10
What is the highest common factor of 1053 and 59373?
81
Calculate the highest common factor of 155 and 220565.
155
What is the greatest common factor of 559968 and 24624?
912
Calculate the greatest common divisor of 44 and 73414.
22
What is the highest common divisor of 5811 and 106386?
447
Calculate the highest common factor of 17 and 151453.
17
What is the greatest common factor of 28 and 247702?
14
What is the highest common divisor of 1210 and 9410?
10
Calculate the highest common divisor of 689 and 52.
13
Calculate the highest common factor of 1617 and 57134.
539
What is the highest common divisor of 185249 and 1241?
17
What is the highest common divisor of 33448 and 888?
296
Calculate the greatest common divisor of 48 and 4808368.
16
What is the greatest common factor of 3690531 and 78?
39
What is the highest common divisor of 90 and 1451286?
18
Calculate the highest common divisor of 4384 and 1120.
32
What is the greatest common factor of 90 and 97074?
18
Calculate the greatest common factor of 3314 and 6.
2
Calculate the greatest common factor of 13945 and 10.
5
What is the highest common divisor of 11673396 and 216?
108
What is the highest common factor of 9 and 265?
1
What is the highest common divisor of 2709 and 136052?
301
Calculate the highest common factor of 10366 and 1704.
142
What is the greatest common divisor of 65 and 1474733?
13
Calculate the highest common factor of 13662 and 526746.
1518
Calculate the highest common divisor of 221096 and 232.
232
Calculate the greatest common factor of 3810 and 810.
30
Calculate the highest common divisor of 3025 and 14025.
275
Calculate the greatest common divisor of 734 and 1449283.
367
Calculate the greatest common divisor of 12046 and 2219.
317
Calculate the highest common factor of 1836 and 5151.
51
What is the highest common divisor of 70 and 50155?
35
What is the greatest common divisor of 115283 and 4515?
301
Calculate the greatest common divisor of 7904 and 1378.
26
What is the greatest common divisor of 146151 and 108?
27
What is the greatest common factor of 376 and 21233848?
376
What is the greatest common divisor of 5202 and 85221?
153
What is the greatest common divisor of 880 and 27885?
55
Calculate the highest common factor of 12 and 2018.
2
What is the greatest common divisor of 12324 and 234?
78
Calculate the highest common factor of 51 and 183.
3
What is the highest common divisor of 2800 and 2225?
25
Calculate the greatest common divisor of 4745 and 93925.
65
Calculate the highest common divisor of 7